 d be y(4). Let j = d - a. Calculate the greatest common divisor of 10 and j.
5
Let f(n) = n**3 - 8*n**2 + 4*n - 17. Let z be f(8). What is the greatest common divisor of z and 45?
15
Let s be 1/1 - (0 + -21). Let o be (2*-2)/(6/9). Let w be (-44)/o*60/8. What is the highest common divisor of s and w?
11
Suppose 0*j + 2*j = 12. Let p(a) = 6 + 5*a + a - 6*a**2 - a**2 + a**3. Let d be p(j). What is the greatest common divisor of d and 24?
6
Suppose y + 3*i = 0, -y + i + 0*i = 0. Suppose y*p + 5*p - 4*a = 101, -20 = -p + a. What is the greatest common factor of p and 21?
21
Suppose -4*b + 4*l - 32 = 0, -5*b + 0 - 28 = -l. Let r be ((-3)/b)/((-3)/(-45)). Let n be 54/12*(r - -1). What is the greatest common factor of 15 and n?
15
Suppose -1416 = -3*h + 5*p, -15 - 929 = -2*h + 5*p. Suppose h = -a + 5*a. Suppose -3*l + a = 10. Calculate the highest common factor of 12 and l.
12
Let a be 171/4 + 54/(-72). What is the greatest common factor of 6 and a?
6
Let u be (6/21)/((-4)/(-28)). Let s(z) = 2*z**2 - 2*z + 4. Let t be s(u). Calculate the highest common factor of t and 64.
8
Suppose 4*u + c - 120 = -3*c, -2*u - 3*c + 55 = 0. Let p = 1 + u. Let d(v) = v**2 + 2*v - 4. Let z be d(-4). What is the highest common factor of z and p?
4
Let f be (-2)/8 - (-3524)/16. Suppose 0 = -7*k + 2*k + f. What is the greatest common factor of 22 and k?
22
Let r(o) = 4*o + 7. Let b be r(6). Let t = b + -22. What is the highest common factor of 1 and t?
1
Let v be 22/(-33) - (-464)/3. Let y(d) = d**3 - 3*d - 4. Suppose -n - 4*b = -15, -4*n - b = -5*b. Let m be y(n). What is the highest common factor of m and v?
14
Let h(n) = -2*n + 3. Let o be h(3). Let a be ((-2)/o)/((-4)/(-6)). Calculate the highest common divisor of a and 8.
1
Let n = -32 + 45. Calculate the highest common factor of n and 26.
13
Suppose 4*d + 4*r - 76 = -0*r, 4*r - 13 = -d. What is the greatest common factor of 21 and d?
21
Suppose 4*l + 3 + 1 = 0. Let y = l + -3. Let r be 564/10 - y/(-10). What is the greatest common factor of r and 8?
8
Suppose 4*u = -7*i + 2*i + 116, -5*u = -i. What is the highest common divisor of i and 4?
4
Let a(b) = -b**3 - 11*b**2 + 9*b - 12. Let v be a(-12). Let h = -28 + 52. Calculate the greatest common divisor of v and h.
24
Let b(u) = -u**2 + 19*u - 14. Let l be b(18). Let v = l + 4. What is the greatest common divisor of v and 40?
8
Suppose 2*c + 2*u - 4 = 2, 5*u = 5. Let a = -3 + 7. Suppose -4 = a*p, -3*p - p = b + c. Calculate the greatest common divisor of b and 14.
2
Let r(f) = -15*f**3 - f**2 + 1. Let y be r(-1). What is the greatest common factor of 30 and y?
15
Let m(k) = -4*k**3 + 5*k**2 + 3*k + 4. Let n be m(-4). Let w be 1/(-2) + n/16. Let f be 220*1 - 0/2. What is the greatest common divisor of f and w?
20
Suppose 9*p = 6*p + 117. Calculate the highest common divisor of 39 and p.
39
Let g be ((-24 - -23) + 0 + 0)*-198. Calculate the greatest common divisor of 66 and g.
66
Let y(h) = -h**2 - 8*h - 6. Let s be (-14)/3 + 2/3. Let m = -10 - s. Let t be y(m). What is the greatest common divisor of 42 and t?
6
Suppose 5*j + 55 = d, -3 = -2*j + 1. Let v = 17 - 4. What is the highest common factor of d and v?
13
Suppose -2*g = 4, -g + 332 = 2*m - 2*g. Let p = 4 - 1. Suppose h + p*h - 60 = 0. Calculate the greatest common factor of h and m.
15
Let g = -3 - 6. Let k = g + 14. Let t = 12 - 2. Calculate the highest common factor of t and k.
5
Let q be 402/3 - (0 - -4). Calculate the greatest common divisor of q and 26.
26
Let x(m) = -2*m + 3. Let y be x(-3). Suppose -4*z = -z - y. Let v(o) = -31*o - 1. Let t be v(-1). What is the highest common divisor of t and z?
3
Suppose -d = 14 - 2. Let q = -6 - d. Let z = 12 - q. What is the greatest common divisor of z and 3?
3
Let v(p) = -2*p**3 + 29*p**2 + 15*p + 10. Let z be v(15). What is the greatest common divisor of z and 5?
5
Let n be ((-1)/2)/((-4)/216). Let f = n + -16. Calculate the greatest common factor of f and 1.
1
Suppose v - 41 = 43. Let r(d) = -d**3 - 2*d**2 + 6*d + 4. Let m be r(-4). What is the greatest common factor of v and m?
12
Let s = -33 - -57. Suppose k = 4*k - s. Suppose -19 = -2*a + 5. Calculate the greatest common factor of k and a.
4
Suppose v = 4*k + 3*v - 1144, 0 = 5*v - 10. What is the greatest common factor of k and 57?
57
Suppose 0 = -3*a - 36 + 102. What is the highest common factor of a and 176?
22
Suppose 3*m = 6 + 6. Let u(y) = y + 1. Let z be u(-6). Let i be (7/1)/(z/(-20)). Calculate the highest common divisor of m and i.
4
Suppose -52 + 22 = -3*x. What is the highest common factor of x and 80?
10
Let h be (-3 - -1)*(-46)/(-4). Let s = -7 - h. Calculate the greatest common factor of s and 16.
16
Let x(v) = 22*v**2 + 3*v + 3. Let q be x(-3). Calculate the highest common factor of 12 and q.
12
Let j be (-1)/(6/(-4))*3. Suppose 0*h = 3*h - 90. Let w be ((-12)/h)/((-2)/40). What is the greatest common divisor of w and j?
2
Let l be -1*5*102/(-85). Calculate the greatest common factor of 66 and l.
6
Suppose 0 = 3*m - 4*n - 64, -2*n + 18 = 4*m - 82. Let g be 21 - 4/((-12)/9). Calculate the greatest common factor of g and m.
24
Let w = 21 + -12. Let l be (1 + -4)/(w/(-42)). Suppose 2*y + 42 = 5*y. Calculate the highest common divisor of y and l.
14
Suppose -3*s = 4*t - 41, -s + 3*t + t - 13 = 0. Calculate the greatest common factor of s and 49.
7
Let g(s) = -s + 1. Let w be g(1). Suppose w = -l - 11 + 23. Calculate the highest common factor of l and 108.
12
Suppose 2 = -3*u + 11. Suppose -z + 0 + u = 0. What is the greatest common divisor of z and 12?
3
Suppose 3*c - 5*v + 7 = 46, -3*v = -4*c + 63. Let u(q) = -7*q + 3. Let d be u(-6). What is the highest common factor of c and d?
9
Suppose 77 = 2*l + l + m, 2*l - 53 = -m. Suppose -2*a - 3*g + 24 = -4*g, 5*a - 60 = -3*g. Let v = a - 0. What is the greatest common factor of l and v?
12
Suppose 0 = -2*k - 5 + 11. Let z be 778/14 - k/(-7). Calculate the highest common factor of 8 and z.
8
Let w(b) = b**3 + 13*b**2 + 9*b - 1. Let f be w(-12). Let l be (2 + 2)/(0 - -1). Let t be (-2)/(-8) - (-27)/l. What is the greatest common factor of f and t?
7
Let q(c) = c**2 - c + 32. Let p be q(0). Suppose 5*s + 7 = -b + 1, -2*b + s + p = 0. Calculate the highest common factor of 14 and b.
14
Let f(r) = -5 - 4*r + 3 - r. Let m be f(-2). What is the greatest common divisor of 64 and m?
8
Let r(p) = p**2 + 6*p + 5. Let v be r(-6). Suppose -v*b + 5 = 5*f, -5*b + 3 = 2*f - 14. Let x = 52 + -51. What is the greatest common factor of b and x?
1
Let v be 302/6 + (-4)/(-6). Let a = v - 11. Let b be a/(-3)*(-36)/8. What is the highest common factor of b and 24?
12
Let u = -99 + 163. Calculate the greatest common divisor of u and 96.
32
Suppose -289 = -j - 6*s + 3*s, 5*s = 5*j - 1545. Calculate the highest common divisor of 38 and j.
38
Let d = -9 - -42. What is the greatest common factor of d and 33?
33
Suppose 5*l + 0 = 5. Let s = 1 + 0. Let q be (s/(-1))/((-1)/1). What is the highest common factor of q and l?
1
Suppose 0 = 2*q + 5 + 15. Let n = 3 - q. What is the greatest common divisor of n and 52?
13
Let z(r) = -r - 1. Let n(v) = -4*v + 6. Let s(y) = n(y) - 3*z(y). Let b be s(6). What is the highest common factor of 3 and b?
3
Let s(r) = -33*r - 2. Suppose 0*t = -3*t + 18. Let h = t + -8. Let b be s(h). What is the highest common factor of 8 and b?
8
Suppose -6 + 30 = y. Let o be (-110)/8 - (-2)/(-8). Let d = y + o. What is the greatest common divisor of d and 110?
10
Let b = -2 - -7. Suppose b*o - 1 = 19. Suppose o*x = 3*x + 9. What is the greatest common factor of 99 and x?
9
Suppose -h = -6*h + 1530. What is the greatest common factor of h and 34?
34
Let q(f) = 2*f**2 - 12*f + 22. Let y be q(8). Calculate the greatest common factor of y and 6.
6
Let c be (2 + (-24)/9)*-18. What is the highest common factor of 12 and c?
12
Let t(k) = k**2 - 12*k + 21. Let u be t(11). Calculate the highest common factor of u and 80.
10
Let d be 6/2*(-4 - -3). Let h be (-1 - d) + 2 + 190. Suppose -2*u = -x - h, -3*u + 2*x + 2*x = -281. What is the greatest common divisor of 9 and u?
9
Let k be (2 - 5/(-10))/((-2)/(-8)). Calculate the greatest common factor of k and 35.
5
Suppose -4*p + 30 = -14. What is the highest common divisor of p and 11?
11
Suppose 3 = 6*j - 3*j. Let y(n) = 55*